ert 30225 (base 9) to base 8.
46634
Convert 300400 (base 6) to base 10.
23472
Convert 172 (base 12) to base 10.
230
Convert 7128 (base 9) to base 5.
131320
Convert d6c0 (base 14) to base 10.
37016
2a59 (base 13) to base 11
4699
-11001 (base 4) to base 11
-272
Convert 1101220 (base 4) to base 15.
1834
Convert -1 (base 2) to base 12.
-1
Convert -1600 (base 13) to base 2.
-110010001011
-1660a (base 13) to base 3
-2011122222
-6c95 (base 13) to base 8
-35744
Convert -b765 (base 13) to base 4.
-12031121
Convert -419 (base 11) to base 8.
-770
What is 100101000 (base 2) in base 12?
208
Convert 2b0 (base 15) to base 8.
1147
Convert -113322 (base 4) to base 16.
-5fa
What is -1651 (base 7) in base 5?
-10143
662 (base 16) to base 7
4523
Convert -56696 (base 11) to base 8.
-240146
-29ac (base 15) to base 9
-13230
What is -11406 (base 7) in base 3?
-11001010
What is -55f (base 16) in base 12?
-967
328 (base 13) to base 3
202001
-11411 (base 8) to base 16
-1309
3200300 (base 4) to base 7
56636
Convert -1010000100010 (base 2) to base 7.
-21012
1950 (base 10) to base 7
5454
What is -a30 (base 11) in base 2?
-10011011011
Convert 503b (base 13) to base 14.
4043
Convert 1a500 (base 12) to base 16.
9750
10001101111 (base 2) to base 12
7a7
1000222 (base 3) to base 15
355
-9123 (base 10) to base 14
-3479
What is 211 (base 8) in base 5?
1022
Convert 5091 (base 14) to base 3.
200222212
1104 (base 14) to base 15
d14
Convert -20c (base 14) to base 5.
-3104
200 (base 15) to base 3
121200
608 (base 11) to base 12
512
Convert -106614 (base 7) to base 6.
-224430
10111001000001 (base 2) to base 14
445b
10110000 (base 3) to base 11
1983
What is 990 (base 10) in base 3?
1100200
Convert -13010 (base 4) to base 15.
-202
What is 395a (base 14) in base 11?
7630
Convert -c5 (base 13) to base 16.
-a1
What is -509 (base 13) in base 4?
-31112
What is -1823 (base 10) in base 3?
-2111112
Convert -627 (base 8) to base 2.
-110010111
What is -100101011011 (base 2) in base 15?
-a9a
Convert 170 (base 16) to base 8.
560
What is -212311 (base 4) in base 12?
-1531
-202011001 (base 3) to base 13
-68bc
Convert 24 (base 8) to base 16.
14
What is -174 (base 11) in base 2?
-11001010
What is -121000 (base 5) in base 7?
-16056
What is -31a (base 14) in base 13?
-381
What is -111020 (base 3) in base 11?
-2a5
Convert 62488 (base 9) to base 12.
1ba38
-33927 (base 10) to base 7
-200625
9257 (base 10) to base 7
35663
15003 (base 6) to base 2
100101001011
-121002 (base 3) to base 10
-434
What is -6855 (base 10) in base 13?
-3174
3504 (base 8) to base 14
96c
Convert -22323222 (base 4) to base 16.
-aeea
889 (base 12) to base 9
1646
Convert 122564 (base 7) to base 10.
22586
Convert -182 (base 12) to base 11.
-200
What is -939 (base 10) in base 8?
-1653
Convert -1873 (base 16) to base 2.
-1100001110011
-10100110111111 (base 2) to base 5
-320222
6455 (base 8) to base 7
12556
-3343 (base 6) to base 2
-1100001111
What is -110101001101 (base 2) in base 13?
-171c
Convert 2371 (base 12) to base 15.
129d
Convert -63274 (base 10) to base 12.
-3074a
What is 100111100 (base 2) in base 13?
1b4
-1222210 (base 3) to base 13
-879
113114 (base 8) to base 4
21121030
What is -15492 (base 12) in base 11?
-2064a
-705 (base 15) to base 16
-62c
What is -132354 (base 6) in base 10?
-12238
-3637 (base 11) to base 4
-1022113
Convert 4a95 (base 14) to base 4.
3030023
What is 92a (base 14) in base 16?
70a
Convert 220002010 (base 3) to base 8.
42221
What is 3141 (base 5) in base 16?
1a5
What is 152222 (base 7) in base 10?
29612
2443 (base 5) to base 3
111211
What is -6b70 (base 13) in base 15?
-473c
What is 32745 (base 10) in base 4?
13333221
What is -32145 (base 6) in base 5?
-120020
What is 12203121 (base 4) in base 5?
1324331
Convert -14467 (base 8) to base 9.
-8762
13775 (base 9) to base 15
2ba8
Convert 20002212 (base 3) to base 5.
120301
2113010 (base 4) to base 16
25c4
Convert 438 (base 12) to base 11.
514
404 (base 7) to base 8
310
2434031 (base 5) to base 16
b43d
10001101 (base 3) to base 12
1354
Convert 2895 (base 10) to base 8.
5517
Convert 12fe (base 16) to base 7.
20114
Convert 112130 (base 4) to base 15.
65b
Convert 2242 (base 7) to base 4.
30232
Convert -1555 (base 6) to base 15.
-1db
-10e0 (base 16) to base 13
-1c74
What is -15033 (base 9) in base 12?
-5b10
-2101112102 (base 3) to base 15
-de15
-3188 (base 9) to base 3
-10012222
aa8b (base 12) to base 14
6c0b
-bc1 (base 14) to base 7
-6531
101010101 (base 2) to base 11
290
Convert 1232 (base 5) to base 15.
cc
10110110111 (base 2) to base 3
2000012
Convert 4154 (base 7) to base 6.
10432
What is -344545 (base 6) in base 14?
-aad3
Convert -12121110 (base 3) to base 9.
-5543
What is 957 (base 15) in base 2?
100000111011
Convert 10102201112 (base 3) to base 15.
15065
Convert -2391 (base 10) to base 9.
-3246
3206 (base 7) to base 5
14013
102 (base 5) to base 16
1b
Convert 94 (base 11) to base 2.
1100111
Convert -478 (base 10) to base 16.
-1de
Convert 1051 (base 10) to base 6.
4511
What is -108 (base 13) in base 7?
-342
What is 10332 (base 8) in base 2?
1000011011010
What is 110101111 (base 2) in base 8?
657
-6942 (base 16) to base 12
-13716
Convert 62e4 (base 15) to base 3.
1001200121
What is 9b9 (base 15) in base 3?
10000110
27b (base 13) to base 15
1e5
20003 (base 5) to base 16
4e5
What is -857 (base 10) in base 3?
-1011202
What is -3012 (base 4) in base 3?
-21100
22211022 (base 3) to base 8
14442
What is 200200020 (base 3) in base 7?
54456
Convert 53bf (base 16) to base 6.
243131
What is -2201202 (base 3) in base 14?
-a23
3554 (base 6) to base 8
1536
Convert 2345 (base 6) to base 8.
1071
What is -10110010011 (base 2) in base 4?
-112103
Convert 52131 (base 6) to base 9.
10501
Convert 21103 (base 4) to base 14.
307
-333 (base 7) to base 11
-146
10120232 (base 4) to base 7
103244
What is 2110202 (base 3) in base 9?
2422
What is 211021120 (base 3) in base 5?
1004432
-83d (base 14) to base 11
-1246
Convert 1020000 (base 3) to base 12.
623
Convert 100000 (base 3) to base 2.
11110011
-1121301 (base 4) to base 3
-21212210
Convert 1717 (base 9) to base 12.
914
Convert 50526 (base 8) to base 11.
1470a
What is -12420 (base 5) in base 10?
-985
-178 (base 16) to base 4
-11320
What is 2110202 (base 3) in base 11?
1399
Convert 1322 (base 8) to base 11.
5a7
1562 (base 15) to base 2
1000111110000
Convert 1166 (base 10) to base 5.
14131
65362 (base 9) to base 12
21092
1552 (base 8) to base 16
36a
Convert 71a4 (base 12) to base 14.
4712
-34572 (base 9) to base 16
-5a1d
38a (base 13) to base 6
2513
23001 (base 4) to base 7
2025
Convert 1000103 (base 4) to base 6.
31015
214 (base 13) to base 12
257
-1100010101 (base 2) to base 13
-489
Convert -110001111 (base 2) to base 3.
-112210
-38d (base 15) to base 12
-574
Convert 4760 (base 9) to base 6.
24213
-845 (base 9) to base 11
-577
1259 (base 15) to base 16
f45
1a9c (base 13) to base 7
14465
Convert 1011011001110 (base 2) to base 9.
8006
What is -103023 (base 4) in base 3?
-1200110
4663 (base 11) to base 4
1133213
What is -6c (base 14) in base 13?
-75
What is -100011101001101 (base 2) in base 14?
-691b
What is 1333142 (base 5) in base 13?
c56a
What is -3110 (base 10) in base 9?
-4235
What is -1153355 (base 6) in base 10?
-61703
What is -46a5 (base 16) in base 3?
-220210211
What is -2011102222 (base 3) in base 10?
-42605
Convert 21012001 (base 3) to base 16.
1477
-110221200 (base 3) to base 9
-13850
Convert -20302 (base 5) to base 16.
-52f
Convert -3574 (base 8) to base 3.
-2121222
What is 7aa (base 14) in base 11?
1164
Convert 52c4 (base 14) to base 12.
8324
1000101000101011 (base 2) to base 9
53461
What is 21645 (base 7) in base 16?
1560
What is 3033000 (base 4) in base 15?
3dd3
-43655 (base 7) to base 8
-25327
What is 46 (base 16) in base 15?
4a
What is 120332 (base 6) in base 14?
3b7a
Convert 161524 (base 7) to base 13.
11638
Convert -2462 (base 11) to base 2.
-110010001110
Convert 2251 (base 10) to base 4.
203023
-1bab (base 12) to base 3
-11201112
Convert -44354 (base 10) to base 14.
-12242
Convert 1000010000000011 (base 2) to base 16.
8403
3756 (base 9) to base 2
101011110101
Convert -4aa1 (base 11) to base 2.
-1100111110101
What is 362 (base 9) in base 14?
175
48927 (base 11) to base 13
26020
What is -1b954 (base 12) in base 11?
-28978
C